-2 + q*f**2 - 1 + 2*f**2 - 3*f - f**2. What is the units digit of k(3)?
5
Suppose -g = -0*n - 2*n - 30, 0 = -g - 3*n + 30. Suppose 2*x - g = -x. Suppose c - x = 1. What is the units digit of c?
1
Let i(s) = 24*s**2 - 2. Let r be i(-3). Suppose 4*x - r - 90 = 0. Suppose -13*w = -9*w - x. What is the tens digit of w?
1
Suppose -3*b = 4*m + 2 - 3, m + 5 = b. Suppose x = -0 - b. Let t = 14 + x. What is the tens digit of t?
1
Let f be 2218/(-4)*(-2 + 6)*1. What is the units digit of (-72)/324 + f/(-18)?
3
Let a(k) = 11*k**2 - 3*k + 1. Let o be a(2). Suppose -5*j + 786 = -o. Suppose 0 = -6*y + j - 63. What is the tens digit of y?
1
Let g(f) = -f**3 - 8*f**2 + 8*f - 1. Let i be g(-9). Let d(a) = -a**3 + 8*a**2 + 11*a - 11. What is the tens digit of d(i)?
7
Let t = -3550 + 7001. What is the units digit of t?
1
Let g = 87 + -52. Suppose -g = -5*r + 5. What is the units digit of r?
8
What is the tens digit of 2735/17 - (6 - (-520)/(-85))?
6
Let o(j) = 3*j**3 - 8*j**2 - 5*j + 6. Let d be o(4). What is the units digit of (9 + -1)*4/32*d?
0
What is the hundreds digit of -3*(-61 - 1 - 4)?
1
Let b = -1730 - -2721. What is the tens digit of b?
9
Suppose 4*q - 3*t - 3 = 0, 3*q + 2*t = -0 - 2. Suppose q = -6*l + 7*l + 28. What is the units digit of l/(-21) - (-40)/6?
8
Let h be -8*(34/8 - 2). Let v be -6 + 6 + 8*-1. Let f = v - h. What is the tens digit of f?
1
Let n = 106 - 97. Let k(d) = 3*d**2 - 3*d - 11. What is the units digit of k(n)?
5
Let h(a) be the first derivative of -a**4/2 - a**3 + a**2/2 - 4*a + 2. What is the tens digit of h(-5)?
6
What is the hundreds digit of ((-6900)/42)/((0 - -3)/(-21))?
1
Let r(v) = -v**2 - 6*v - 9. Let q be r(-5). What is the tens digit of q/((-12)/(-57))*-5?
9
Let j be 12/(-30)*5 + (-1 - -95). Let u = j - 18. What is the tens digit of u?
7
Let r(d) = d**3 + d**2. Let t(p) = -29*p**3 - 9*p**2 - p + 1. Let s(h) = 6*r(h) + t(h). What is the tens digit of s(-1)?
2
Let i(p) = -18*p + 29. Let c(y) = 9*y - 15. Let m(r) = -5*c(r) - 3*i(r). What is the tens digit of m(11)?
8
Let j be -81 - (-2 - 0) - 3. Let f = 190 + j. What is the units digit of f?
8
What is the tens digit of (-2)/8 - ((-3249)/36 - 2)?
9
Suppose -3*w - 152 = 4*n - w, -5*n = -3*w + 190. Let j = 76 + n. What is the tens digit of j?
3
Let r(b) = -7*b - 3. Let c = 1 + -5. What is the units digit of r(c)?
5
Let t be (1 - 18) + 1 - -2. Let l(d) = 3*d**2 + d. Let m be l(-2). Let b = m - t. What is the units digit of b?
4
Let o(s) = 7*s**2 - 13*s + 11. Let p be o(9). Suppose -5*i = -p - 24. What is the tens digit of i?
9
Let p = -235 - -128. Let y be p/(-2) + (-11)/22. What is the units digit of y + (4 - 1 - 3)?
3
Let t(v) = -9*v - 10*v + 56 + 13*v + 10. What is the tens digit of t(-15)?
5
Suppose 3 = -h - 0*z - z, -4*h - 5 = -3*z. Let r(p) = -10*p**3 + 3*p**2 - 1. What is the tens digit of r(h)?
9
Let z(q) = 3*q + 18*q**2 - q**3 - 48 + 14*q + 29 + 4*q. What is the units digit of z(19)?
9
Suppose -2*q = 3*t - 628, 5*t - q = -2*q + 1056. Let f = 410 - t. What is the tens digit of f?
9
Let i(x) = 2*x**3 - 7*x**2 + 4*x - 6. Suppose -56 + 16 = -4*u - 5*w, -5*u + 37 = 3*w. What is the units digit of i(u)?
9
Let i(v) = v**3 + 8*v**2 - 12*v - 9. Let n be (-1 + 1)*(-5)/10. Let o(y) = y**3 - y - 9. Let c be o(n). What is the tens digit of i(c)?
1
Let o = 117 - -93. What is the units digit of o?
0
Let s(f) be the third derivative of -1/10*f**5 + 0*f + 7/24*f**4 + 2/3*f**3 + 1/120*f**6 + 0 + 5*f**2. What is the tens digit of s(6)?
4
Let s(j) = -j + 5. Let a be s(0). Suppose -218 = -t + 3*y, a + 1 = 3*y. Suppose 0 = 2*q - 2*w - 92, -8*q = -4*q + 4*w - t. What is the tens digit of q?
5
Let h(i) = 2*i**3 - 4*i**2 + 11*i + 2. What is the units digit of h(5)?
7
Suppose 1708 = 9*q - 6104. What is the tens digit of q?
6
Suppose -25*l = -30*l + 12525. What is the hundreds digit of l?
5
Let n be ((-468)/(-8) + -1)*(-2)/1. Let u = -72 - n. What is the tens digit of u?
4
Let m be ((-10)/(-4))/((-2)/(-12)). Let k be (-18)/(-45)*m*10. Let q = -33 + k. What is the tens digit of q?
2
Suppose 9*a + 29 = 92. Suppose -a*f + 2*f = -650. What is the units digit of f?
0
Suppose -5*b + 747 = -483. What is the hundreds digit of b?
2
What is the tens digit of 0 - (-262 - (1 + -1))?
6
Suppose -c - 4*t = -1420, -2*t + 68 = 66. What is the hundreds digit of c?
4
Let w(a) = -3*a**2 - 195*a + 10. What is the hundreds digit of w(-10)?
6
Let r(z) = -3*z**3 - 3*z**2. Suppose f = -2*h - 16, -2*f + 5*h = 2 - 15. Let w = f + 4. What is the tens digit of r(w)?
1
Let j be (-4 - -5)/2*0. What is the tens digit of (j + 1)/((-3)/(-132))?
4
Let z(p) = -p - 6. Let o be 69/(-12) + 3/(-12). Let n be z(o). Let l(i) = -i + 1. What is the units digit of l(n)?
1
Let t(x) = -x**3 - 11*x**2 - x - 7. Let s be t(-11). Let n(w) = -s*w + 0 - 2 - 5 + 1. What is the tens digit of n(-5)?
1
Suppose 4*d + 0 - 14 = u, 12 = -4*u + 5*d. Let r = u + -8. Let o(m) = -2*m + 2. What is the tens digit of o(r)?
1
Suppose 0 = 2*b + 2*b - 8. Suppose -51 = -4*y + b*m + 17, 3*m = -6. What is the tens digit of y?
1
Let m = -111 - -193. Suppose m - 664 = -6*b. What is the units digit of b?
7
Suppose 4*h - 59 = -1167. Let t = 392 + h. What is the units digit of t?
5
Let i(h) = -h**2 + h + 79. Let j be i(0). Let n = 223 - j. What is the tens digit of n?
4
Suppose -j = 5*d + 5, -5*j = -0*j - 3*d - 31. Suppose -6*v - 11 = -j. Let l(q) = -28*q**3 + 2*q**2 + 2*q + 1. What is the units digit of l(v)?
9
Suppose -5*o - 15 = -5*k + 20, k = 4*o + 22. Let t be 27/6 - o/10. Suppose 2*m - 29 = t. What is the units digit of m?
7
Let m be (-173)/((1/6)/((-8)/24)). Let y = 564 - m. What is the tens digit of y?
1
Suppose -32*q + 9897 + 3223 = 0. What is the tens digit of q?
1
Let q = -247 + 534. Suppose 4*c - 873 = 2*v + 363, -5*v = c - q. What is the units digit of c?
7
What is the thousands digit of (-31108)/28*(-1)/1?
1
Let s = -346 - -575. What is the tens digit of s?
2
Let z = -19 - -14. Let u(c) = c. Let k(w) = -3*w + 1. Let g(h) = z*u(h) - 2*k(h). What is the units digit of g(4)?
2
Suppose 0 = 5*c - 9*c. Suppose c = -t + 3*v, -3*v - v + 7 = t. What is the units digit of t?
3
Suppose 0 = -72*v + 237791 + 82825. What is the thousands digit of v?
4
Let x be -3 - 0*4/16. Let t(h) = -h**3 - 4*h**2 + 2*h + 3. Let y be t(x). What is the units digit of 1*17 + y/(-12)?
8
Suppose 0 = -3*w + 3*b + 45, 2*b - 5*b = -2*w + 34. What is the tens digit of w/(-11) + (-1 - -48)?
4
Let b(d) = 3 - 7*d - 4*d + 12 + 3*d**2. What is the tens digit of b(6)?
5
Let v(b) = 18*b**2 - 4*b - 6. Let r be v(-3). Let i be (1/(-2))/((-4)/r). What is the units digit of (-7)/i + (-74)/(-6)?
2
Suppose -298 - 62 = -2*o. What is the tens digit of ((-11)/(231/o))/(1/(-7))?
6
Suppose 4*u - 1105 = 771. What is the hundreds digit of u?
4
Let t be (-2)/(-8) + 936/(-32). Let u be (-13 - t)*(-62)/(-8). Suppose -4*x + u = 4*o, -5*x + 123 = -4*o - 32. What is the units digit of x?
1
Let u be (4 + 18/(-5))*10. Suppose 3*w - 75 = -2*m, -w + 17 = 2*m - u*m. What is the tens digit of w?
2
Let s(d) = -3*d**3 - 8*d**2 + 40*d + 25. What is the hundreds digit of s(-9)?
2
Let s(j) = -5*j**3 - 4*j**2 - 4*j - 3. Let h = 117 - 119. What is the tens digit of s(h)?
2
Let a = -1005 + 2050. What is the thousands digit of a?
1
Let b(y) = 292*y**2 + 6*y - 3. What is the hundreds digit of b(-1)?
2
Let q be 3/(-9) + (-1)/(-3). Suppose q = b + 2*b. Suppose b = 5*l - 4*s + s - 259, -5*l + 5*s = -255. What is the units digit of l?
3
Suppose 0 = -0*h + 3*h + 4*y - 166, 5*h = -5*y + 270. Suppose -85*q = -87*q + 6. Suppose i + z - h = -q*z, z - 72 = -2*i. What is the units digit of i?
4
Let w = 260 - -396. What is the tens digit of w?
5
What is the tens digit of (38 + -37)/((-2)/(-436))?
1
Let m(j) be the first derivative of 31*j**3/3 - j**2/2 + j - 1. Let p be (-2)/3*(-135)/90. What is the tens digit of m(p)?
3
Let r = -372 + 766. Let m = -110 + r. Suppose 5*g + 59 = m. What is the tens digit of g?
4
Let r = -1141 + 1992. What is the hundreds digit of r?
8
Suppose -21*i = 4*l - 24*i - 248, -197 = -3*l + 5*i. What is the tens digit of l?
5
Let a = 1 - -1. Suppose 4*g - 30 = 3*y, 5*y + 17 = a*g - 33. What is the tens digit of (76/10)/((-2)/y)?
3
Let c(p) = -326*p**3 + 7*p + 6. What is the hundreds digit of c(-1)?
3
Let d(z) = -z + 2. Le